 Suppose -i = -4*i + m. Calculate the highest common factor of 8 and i.
1
Let x(o) = 9 - 2*o + 3 + 0*o. Let n be x(-4). What is the greatest common divisor of 30 and n?
10
Suppose u + 2*x - 14 = 0, -50 = -4*u - 4*x - x. Suppose 0*c = 3*c - 240. What is the greatest common divisor of u and c?
10
Suppose 0 = -z - 3, 5*n - z + 4*z - 41 = 0. Let a = 8 + n. Calculate the highest common factor of a and 72.
18
Let a = -30 + 43. Let d be (-7)/(-2) - a/26. What is the greatest common divisor of 12 and d?
3
Let v(f) = -f**2 + 16*f - 40. Let m be v(8). What is the highest common divisor of m and 312?
24
Let t(p) = -p**3 - 6*p**2 + 6*p + 2. Let h be t(-7). Calculate the highest common divisor of h and 18.
9
Let d(o) = -o**3 + 15*o**2 - 14*o + 14. Let a be d(14). Let n(u) = 2*u**2 - 17*u + 11. Let w be n(a). Calculate the highest common divisor of w and 15.
15
Let c(b) = 3*b - 6. Let d be c(9). What is the highest common factor of 231 and d?
21
Let y(g) = 4*g**2 - 8*g + 4. Let q be y(5). Let u be 7 - 0 - (-2)/(-1). Suppose u*x - 48 = 2*x. What is the highest common factor of q and x?
16
Let h(l) = -7*l - 13. Let v be h(-6). What is the highest common factor of v and 319?
29
Suppose -2*k = 5*v - 0*k - 7, 0 = 4*v - 4*k. Let m be 5 + -3 + (v - -1). Let d = 12 - m. Calculate the greatest common factor of 20 and d.
4
Let j(s) = -s**3 + 5*s**2 - 1. Let n be (1/2)/(1/10). Let q be j(n). Let o be (-21)/q - (4 - 5). Calculate the greatest common factor of o and 55.
11
Let v(d) = 17*d**2 + 2*d + 3. Let s be v(3). Let q = s - 85. Suppose -4*k + q = 29. Calculate the greatest common divisor of 12 and k.
12
Let b = -5 + 11. Suppose -3*v - 14 - 3 = -2*w, 4*v = -3*w - 34. Let r(i) = -i**2 - 11*i - 10. Let d be r(v). Calculate the highest common divisor of b and d.
6
Let z(x) = -3*x**3 + 3*x**2 - x + 2. Let g be z(2). Let d = 26 + g. What is the greatest common divisor of 70 and d?
14
Suppose -2*u = 5*q - 26, -1 = -2*q + u + 4. Calculate the highest common factor of 2 and q.
2
Let t be 18/(-7)*336/(-18). Calculate the greatest common divisor of t and 12.
12
Suppose 0 = 6*v - v - 70. What is the highest common divisor of v and 14?
14
Suppose -4*v = -v. Suppose 0*q - 3*q + 561 = v. Calculate the greatest common divisor of q and 17.
17
Suppose 3*x - 4*x - 6 = -2*c, 0 = -5*x - c - 41. Let b be (x/5)/((-2)/15). What is the greatest common factor of b and 36?
12
Let l be (-14 + -78)*-1*1. Calculate the greatest common factor of 46 and l.
46
Let c(m) = 2*m**2 + 3 + 4 - m - 5 + 4*m**2. Let s be c(-2). Calculate the greatest common divisor of 70 and s.
14
Suppose -5*s = 2*u - 35, -3*u = -4*u - 4*s + 10. What is the highest common factor of u and 270?
30
Suppose x = -4*m, 0 = -5*x - m + 5*m + 24. Let w be (5/x)/(4/32). Calculate the greatest common divisor of 4 and w.
2
Let j(w) = w**2 - w - 13. Let k be j(5). Let n be 55 - 1*(-2 - -1). What is the greatest common divisor of n and k?
7
Let i(c) = c**2 + 3*c + 4. Let f be i(-5). What is the greatest common factor of f and 42?
14
Suppose 7 = 5*r - 8. What is the greatest common divisor of 9 and r?
3
Let n = -54 + 76. Let s = -8 + n. Suppose 0 = 4*p - 2*z - s, -7*p + 44 = -3*p + 4*z. Calculate the greatest common factor of 12 and p.
6
Let n(s) = s**3 - 4*s**2 - 3*s - 1. Let v be n(5). What is the greatest common divisor of 3 and v?
3
Suppose 3*u - 38 + 11 = 0. Calculate the highest common divisor of 6 and u.
3
Let y be (3 + -4 + 2)*20. Suppose -4*f = f - y. Let j(g) = g + 11. Let m be j(-7). What is the highest common factor of f and m?
4
Let g(h) = 0*h**2 + 0*h**2 - 6*h**2 - 7*h - h**3. Let c be g(-7). Let t be 228/16 + 1/(-4). Calculate the highest common divisor of c and t.
14
Suppose -l = 2*s - 52, -5*s + l = -62 - 75. Suppose -11 - s = -h. Calculate the greatest common divisor of 57 and h.
19
Let d be (-4)/26 - (-132)/13. What is the greatest common factor of d and 110?
10
Suppose 4*s - 7*q = -2*q + 97, 2*s - 31 = -q. Suppose -3*o + 249 = 3*u - 6, 0 = 3*u - 4*o - 290. Calculate the greatest common factor of u and s.
18
Let s(x) = -x**3 + 11*x**2 + 3*x - 24. Let h be s(11). Calculate the greatest common divisor of 9 and h.
9
Let m(n) = 2*n**2 - 3*n. Let z be m(2). Suppose l + 2 = u, z*l - 6 = 4*u - 22. Calculate the greatest common factor of 12 and u.
6
Suppose 0 = -5*d + 4*n + 438, d - 5*d + 372 = 4*n. What is the highest common divisor of 18 and d?
18
Suppose -5*d = 5*h - 65, 5*d + 2*h = 4*h + 58. Let n = 44 + -32. What is the greatest common factor of d and n?
12
Suppose 27 = 3*w - f - 14, 2*w + 2*f = 30. Let m be (-9)/(-3) - -1 - 2. Calculate the greatest common factor of m and w.
2
Suppose 5 = 2*u - 3. Suppose u*a = -2*h + 58, -2*a - 3*h + 30 = -h. What is the highest common divisor of 35 and a?
7
Suppose 0 = -3*z + 4*b + 16, -2*z + b = -0*z - 14. Calculate the highest common factor of z and 32.
8
Let h(d) = -7*d + 32. Let t be h(-14). What is the greatest common factor of 26 and t?
26
Suppose 0 = d - 2*d + 47. Suppose 4*i = -21 - d. Let w = i + 31. Calculate the greatest common factor of 42 and w.
14
Suppose -10 = 4*k + 10, 2*l = 5*k + 43. What is the greatest common divisor of l and 99?
9
Let p be 1*2/(-4)*-6. Let j be (-32)/(p/5 + -1). What is the greatest common factor of j and 10?
10
Let r be (-2 + (-40)/(-5))*(-20)/(-6). Calculate the greatest common factor of r and 220.
20
Let q = 11 - 8. Let z be (q - 20/8)*28. Let d be (-4)/(-10) - (-1256)/10. What is the greatest common divisor of z and d?
14
Suppose -6*c + 444 = -204. Calculate the greatest common divisor of 12 and c.
12
Suppose -6*l + 5*z = -2*l - 27, -2*l = -5*z - 11. Let t = -21 + 86. Suppose h - 7 = t. Calculate the highest common factor of h and l.
8
Suppose -6*q = -p - q + 13, -4*p = -2*q - 34. What is the greatest common factor of 12 and p?
4
Let s = -3 - -17. Let v(q) = 4*q**2 + q + 1. Let a be v(-1). Suppose 3*w - a*f = 10, 6*f = 4*w + f - s. Calculate the greatest common divisor of 2 and w.
2
Let n = -51 - -72. What is the greatest common factor of n and 21?
21
Suppose 0 = 4*h - 0*h. Let l be 2 + 1 + (h - -2). Suppose -104 = -l*x + 16. Calculate the highest common divisor of x and 36.
12
Let u(n) = -243*n + 1. Let m be u(-1). Suppose 4*w = 3*b + m + 160, 2*w + 3*b = 184. What is the greatest common divisor of 14 and w?
14
Let f(y) = -y**3 + 4*y**2 - 3*y + 2. Let l be f(2). Suppose -5*k + l*i + 12 = 1, -5*i = 4*k - 17. Calculate the greatest common divisor of 24 and k.
3
Let x = 7 + -3. Suppose x*y = 8*y - 44. What is the highest common factor of 121 and y?
11
Suppose -4*m + 52 + 8 = -5*i, 5*m = -3*i + 38. Calculate the highest common factor of m and 70.
10
Suppose 0 = 3*q - 12 + 108. Let f = q + 54. Suppose -594 = -0*a - 3*a. Calculate the highest common divisor of a and f.
22
Let a be 0/((-10)/(-5)) + 10. What is the greatest common divisor of a and 80?
10
Let g be 3289/22 - (-2)/4. Calculate the greatest common divisor of 60 and g.
30
Suppose -36 = -3*y - n, 4*n = -y + 3*y - 10. What is the highest common divisor of y and 33?
11
Suppose -3*r + 31 = 4*v, 2*r = 2*v - 0 + 2. Suppose -5 + 1 = -v*p. Calculate the highest common divisor of p and 8.
1
Let w(t) = 83 - 3*t**2 + 12*t + 2*t**2 - 91. Let b be w(8). Suppose -3 = -5*q + k + 16, 0 = 4*q - 4*k - 28. What is the greatest common factor of b and q?
3
Let x be -3 + (-3)/((-9)/57). Let k be 2/(-5) - (-23)/(-5). Let m(b) = 2*b**2 + b - 5. Let a be m(k). Calculate the greatest common factor of a and x.
8
Suppose 0 = r - 5*k - 29 - 5, -194 = -5*r + k. Calculate the highest common divisor of r and 13.
13
Suppose -2*a + 5 = -9. Suppose 4*k - 20 = -4. Let j = 25 - k. What is the highest common factor of a and j?
7
Let j be 4/7 + 318/7. Suppose 4*c - 345 = c. Calculate the highest common factor of c and j.
23
Let y be (-2)/8 + 162/8. Let d be 2 + (-4 - (0 - 2)). Suppose d = l + l - y. What is the highest common divisor of l and 90?
10
Let b = 229 + -79. What is the greatest common divisor of 60 and b?
30
Let o = 821 + -398. What is the greatest common divisor of 47 and o?
47
Suppose 4*v + 7 = m, -15 + 5 = -2*m + 4*v. Suppose -m*u + 72 = -u. Calculate the greatest common factor of u and 9.
9
Let a(u) be the second derivative of 2*u**4/3 + u**3/2 + 2*u**2 + u. Suppose -6*j = -13 - 11. Let t be a(j). Calculate t